9/(-115)?
4
Let s(c) = 560*c - 24. What is the tens digit of s(1)?
3
Let o be 0 + (2 - 1) + -1. Suppose -8 = 4*j - 3*l, 0 = j - 2*l - 0*l + 2. What is the units digit of (-8 - o)*1/j?
4
Let b = -3599 + 5476. What is the hundreds digit of b?
8
Let b = 32 + -47. Let o = 13 + b. What is the units digit of 21 - (6/o)/(-1)?
8
Suppose 0 = 5*y - 89 + 9. Suppose 0 = -l + 28 + y. What is the units digit of l?
4
Let v = -19 + 23. Suppose -v*q - 92 = -552. Suppose 50 + q = 5*t. What is the tens digit of t?
3
Suppose 28*v + 5*f - 18025 = 24*v, 0 = 4*v + 2*f - 18022. What is the tens digit of v?
0
Suppose 0 = -4*o - 3*k + 30677 - 8226, -5*o - 5*k + 28065 = 0. What is the hundreds digit of o?
6
Let y(l) = l**2 + 9*l + 20. Let w be y(-7). Let i(o) = 3*o - 14. What is the units digit of i(w)?
4
Suppose -1159 = -2*z + 5*p + 2139, 4*z = 5*p + 6596. What is the hundreds digit of z?
6
Let w = -2622 - -5825. What is the thousands digit of w?
3
Let b(l) = 44*l**3 + 2*l**2 - 1. Let r(j) be the first derivative of j**4/4 + 3*j**3 + 4*j**2 + j + 8. Let n be r(-8). What is the units digit of b(n)?
5
Suppose -2*z = 5*w - 3019, -158*w - 1513 = -z - 157*w. What is the units digit of z?
2
Let c(d) be the third derivative of -d**6/120 - 13*d**5/60 + 5*d**4/12 - 3*d**3/2 - 4*d**2. Let b(k) = 2*k - 26. Let i be b(6). What is the units digit of c(i)?
7
What is the tens digit of -5*(-2324)/35 - 5*1?
2
Suppose -n + 7 = -15. Suppose 0 = -4*a - 2*g + 32 + n, -17 = -2*a + g. What is the units digit of a?
1
Let o be 4/(-14) - 1314/(-42). Suppose c + 12 = 3*q, q + 31 = -4*c - 17. Let z = o + c. What is the tens digit of z?
1
Let p(t) = -t**3 + 8*t**2 + 8*t + 11. Let o be p(9). Suppose o*s = 357 - 53. What is the hundreds digit of s?
1
Let w(z) = 14*z + 24. Let t(g) = 21*g + 36. Let k(a) = -5*t(a) + 7*w(a). What is the tens digit of k(-11)?
6
Let d be (-99)/66*178/(-1). Let s = d + -40. What is the hundreds digit of s?
2
Let z(x) be the third derivative of -13/24*x**4 + 0*x - 1/120*x**6 + 5*x**2 - 13/6*x**3 - 1/6*x**5 + 0. What is the tens digit of z(-9)?
2
Suppose 110*g - 6504 = 102*g. What is the tens digit of g?
1
Let l(s) = 3 - 3*s + 3*s - 2*s + 1. Let y be l(0). Let i(o) = -o**3 + 4*o**2 + 3*o - 1. What is the units digit of i(y)?
1
Let w(n) = 5*n + 10. Let t be w(5). What is the tens digit of (-10)/t - 494/(-14)?
3
Suppose -2*c + 18 = -4*s, 0 = 5*c - 2*c + 3*s + 18. Let g be (2*c)/(10/(-15)). Suppose -g*u - 3 = -6. What is the units digit of u?
1
Suppose -3*g - 14 = 40. Let o be (-5)/2*g/15. Suppose -o*m + 98 - 5 = 0. What is the units digit of m?
1
Let v = 258 + 302. Let d be v/(-21)*(-6)/5. Suppose 2*k - 4*r - d = 0, 8*k - 4*k - 100 = -4*r. What is the tens digit of k?
2
Suppose -193 = -4*j + 1575. What is the units digit of j?
2
Let p be (-34)/(-12) + 17/102. Suppose -4*d + 513 = 5*u, -p*d - 2*u = -135 - 248. What is the hundreds digit of d?
1
Suppose 2*o - 1733 = 3*x, 1663 + 908 = 3*o + 5*x. What is the tens digit of o?
6
Let v(z) = -33*z**3 - 5*z - 5. Let a be v(-2). Let d = -114 + a. What is the units digit of d?
5
Let b = 450 + -310. What is the tens digit of b?
4
Suppose -13*d + 9136 = -5*d. What is the hundreds digit of d?
1
Suppose 0 = -4*o - 2*n + 202, -4*n - 84 = -3*o + 40. What is the hundreds digit of 2/((-18)/(-2369)) - o/216?
2
Let g = 70 + 438. What is the tens digit of g?
0
Suppose 3 = 9*m - 6*m. Let o be m*8*(-2)/(-4). Suppose -4*i = 5*x - 305, -o*x + 253 = -i + 6*i. What is the units digit of x?
7
Let h = 15 + -9. Let r = h - 6. Suppose -2*j - 8 = -4*p + 102, r = p + 2*j - 25. What is the tens digit of p?
2
Suppose -8*w + 13 + 19 = 0. What is the units digit of 1*(-4)/(-16)*w?
1
Suppose 4*i - 1644 = 5*k + 2814, -5*i + 5593 = 4*k. What is the thousands digit of i?
1
Let g = 11609 - 7779. What is the thousands digit of g?
3
Let q be 3*(-8)/12 + 4. Suppose -88 = -4*k + q*f, 0*k - 66 = -3*k - 4*f. What is the tens digit of k?
2
Let s(f) = -f - 2*f**3 - 8*f**2 + 10 + 2*f + f**3. Let a be s(-8). What is the tens digit of a - 0 - (-1 - 11)?
1
Suppose 0*a + 8 = 2*a. Suppose 2*o - 4*o + 196 = a*x, o - 147 = -3*x. What is the tens digit of x?
4
Let j = 34 - 31. Suppose f + 2 = -2*p + 13, -3*f + 24 = j*p. What is the units digit of 124/5 - p/(-15)?
5
Suppose b - 1747 = -v, -2*v + 5*b + 3506 = 3*b. What is the tens digit of v?
5
Suppose -2*r + 127*x + 4401 = 132*x, x = -5. What is the thousands digit of r?
2
Let r = -71 + 56. What is the tens digit of (4 - (-65)/r)*-138?
4
Suppose -o + g - 11 = 2*o, -18 = -o - 4*g. What is the tens digit of 106 + o*1 - (-4 - -5)?
0
Let h = -379 - -884. What is the tens digit of h?
0
Suppose -4*i - 22 + 46 = 0. Let w(q) = 0*q**2 + 0*q**2 + 1 + 4*q**2 + i*q - q**3. What is the units digit of w(5)?
6
Let b(v) = 76*v**3 + 4 - 75*v**3 + 2 - 15*v - 14*v**2. What is the units digit of b(15)?
6
Suppose 4*k = -20, -13 = -4*n - 2*k + 3*k. Let h be 3199/(-49) + n/7. Let u = h - -115. What is the tens digit of u?
5
Let m = 1416 - 236. What is the hundreds digit of m?
1
Let a(w) = w**3 + w + 2. Let g be a(-2). Let j = 11 + g. What is the units digit of j/(-5) + 196/10?
9
Suppose -9*i + 2925 + 12465 = 0. What is the hundreds digit of i?
7
Let k(r) = -2*r**3 + 4*r**2 - 2*r - 3. Let i be k(3). Let z = -96 - 76. What is the tens digit of 18/i - z/6?
2
Let b(p) = p**2 + 11*p - 22. Let x be 3/7 + 376/(-28). Let o be b(x). Suppose 0 = -w - 2, 0 = o*f - w - 4*w - 238. What is the tens digit of f?
5
Suppose -2*a - 9 = -3. What is the tens digit of (-2)/a*216/1?
4
Suppose -7041 = -3*j + 4*i + 3104, 5*i = -5*j + 16920. What is the thousands digit of j?
3
Let w = 145 + -34. Let z = -44 + w. What is the tens digit of z?
6
Suppose 5*v + 589 = -491. What is the hundreds digit of (24/32)/((-1)/v)?
1
Let z(m) = -248*m + 57. What is the thousands digit of z(-5)?
1
Let x(o) = 6*o**2 + 14*o - 19. What is the units digit of x(6)?
1
Let z = -42 - -42. Suppose z = -s - l + 20 + 2, 4 = l. What is the units digit of s?
8
Let i = 1127 + -702. What is the tens digit of i?
2
Let x(l) = l**2 - 8*l + 7. Suppose -3*t + 90 = -60. Suppose 0 = -9*b + 4*b + t. What is the units digit of x(b)?
7
Let g = 8 + 4. Suppose 4*f - 2*f = 5*r + g, 2*r = -4*f. What is the units digit of f?
1
Let r(p) = p**2 + 11*p + 6. Let j be (7/4)/((-15)/(-60)). Let a = -4 - j. What is the units digit of r(a)?
6
Suppose -3*u + 188 = -2*u. Let d = 122 - u. Let n = d - -100. What is the units digit of n?
4
Let r be (50/5)/((-1)/1). Let x = 26 + r. What is the units digit of x?
6
Let w be 6/42*-2 + (-4)/(-14). Suppose 0 = 5*p + 4*b - 768, 5*p + b + w*b = 777. What is the tens digit of p?
5
Let s(h) = -h**3 + 11*h**2 + 4*h - 12. Let p(y) = -y**3 + 12*y**2 + 3*y - 11. Let u(k) = 2*p(k) - 3*s(k). What is the units digit of u(10)?
4
Suppose 78*j = 79*j - 142. What is the tens digit of j?
4
Suppose -18*g + 19*g = 3*x - 336, -238 = -2*x - 4*g. What is the tens digit of x?
1
Let c(a) = 5*a. Let z be c(1). Suppose -s + 3*s - 72 = 2*k, -z*k = 5*s - 130. What is the units digit of s?
1
Suppose 266 - 1 = 5*x. Let o = -4 + x. What is the tens digit of o?
4
Suppose -u + 2 - 12 = 0. Let m be (-2 - 2)*(3 + u). What is the units digit of m/12*(2 + 1)?
7
Let x(i) = 104*i + 110. What is the hundreds digit of x(10)?
1
Suppose 2*c - 5*c - 5*v + 31 = 0, 5*v - 19 = 3*c. Let p(d) = -c*d**2 + d**2 + 13*d + 1 - 2 - 7. What is the units digit of p(10)?
2
Let i = 1614 + 485. What is the tens digit of i?
9
Let o(t) = -2*t**2 + 21*t + 9. Let b be o(-13). Let w = b - -865. What is the tens digit of w?
6
Let p = 335 - 326. What is the units digit of p?
9
Let q(h) = -93*h - 217. What is the hundreds digit of q(-23)?
9
Let y be 48/(-20) + 2 + (-24)/15. What is the units digit of ((-65)/26)/(y/12)?
5
Let d(a) = -a**2 + 8*a - 4. Let k be d(7). Suppose 3*n - 8*n = -105. What is the units digit of (n/28)/(k/8)?
2
Let p(v) = 164*v**3 + 10*v**2 - 14*v - 6. What is the tens digit of p(2)?
1
Suppose 2 = 3*m - 1. Let q be 43*m + 36/(-12). Suppose q = -3*d + 5*d. What is the tens digit of d?
2
Suppose 0 = -x - 0 + 5. Suppose 9*o = -23 + 77. Suppose -x*b - 58 = -o*b. What is the units digit of b?
8
Let i(y) = -y**2 - 2 - 6 - 11*y - 2. Let l be i(-7). Suppose -2*d + 6 - l = -m, 3*m = 5*d + 34. What is the units digit of m?
8
Let x(f) = -f + 17. Let v 